{"id":117,"date":"2010-11-15T16:47:28","date_gmt":"2010-11-15T16:47:28","guid":{"rendered":"http:\/\/www.so-helo.com\/mariage\/blog\/?page_id=117"},"modified":"2024-01-05T14:22:39","modified_gmt":"2024-01-05T14:22:39","slug":"heloise-so-helo-bijoux-mariage","status":"publish","type":"page","link":"https:\/\/www.so-helo.com\/mariage\/blog\/heloise-so-helo-bijoux-mariage\/","title":{"rendered":"A propos de moi"},"content":{"rendered":"<p style=\"text-align: center;\"><a href=\"https:\/\/www.so-helo.com\/mariage\/blog\/wp-content\/uploads\/2010\/11\/portraits.png\"><img loading=\"lazy\" decoding=\"async\" class=\"alignnone size-full wp-image-5303\" src=\"https:\/\/www.so-helo.com\/mariage\/blog\/wp-content\/uploads\/2010\/11\/portraits.png\" alt=\"portraits heloise villenave gabaud so helo\" width=\"1949\" height=\"1000\" srcset=\"https:\/\/www.so-helo.com\/mariage\/blog\/wp-content\/uploads\/2010\/11\/portraits.png 1949w, https:\/\/www.so-helo.com\/mariage\/blog\/wp-content\/uploads\/2010\/11\/portraits-300x153.png 300w, https:\/\/www.so-helo.com\/mariage\/blog\/wp-content\/uploads\/2010\/11\/portraits-1024x525.png 1024w, https:\/\/www.so-helo.com\/mariage\/blog\/wp-content\/uploads\/2010\/11\/portraits-250x128.png 250w, https:\/\/www.so-helo.com\/mariage\/blog\/wp-content\/uploads\/2010\/11\/portraits-550x282.png 550w, https:\/\/www.so-helo.com\/mariage\/blog\/wp-content\/uploads\/2010\/11\/portraits-800x410.png 800w, https:\/\/www.so-helo.com\/mariage\/blog\/wp-content\/uploads\/2010\/11\/portraits-350x180.png 350w, https:\/\/www.so-helo.com\/mariage\/blog\/wp-content\/uploads\/2010\/11\/portraits-584x300.png 584w, https:\/\/www.so-helo.com\/mariage\/blog\/wp-content\/uploads\/2010\/11\/portraits-974x500.png 974w\" sizes=\"(max-width: 1949px) 100vw, 1949px\" \/><\/a><\/p>\n<address style=\"text-align: center;\">(Cr\u00e9dit photo: Vivien Malagnat)<\/address>\n<p>Parceque quelques\u00a0mots valent plus que de grandes phrases, voici un peu de moi :<\/p>\n<p>Je m&rsquo;appelle H\u00e9lo\u00efse, je suis cr\u00e9atrice de bijoux et accessoires pour le mariage sous la marque <a href=\"http:\/\/www.so-helo.com\" target=\"_blank\" rel=\"noopener\">So H\u00e9lo<\/a> .<br \/>\nJe suis Maman d&rsquo;un grand Lohan (2004) , d&rsquo;une p\u00e9tillante Louna (2008) et d&rsquo;un petit chouchou Elie (n\u00e9 le m\u00eame jour que moi en 2018 ).<br \/>\nJe vis actuellement dans le limousin \u00e0 Ch\u00e2teauponsac o\u00f9 j y ai mon\u00a0nid douillet et mon atelier -boutique. J&rsquo;ai\u00a0v\u00e9cu 5 belles ann\u00e9es sur Paris et 4 ans magiques aux Pays-Bas&#8230; toutefois, je me consid\u00e8re native (de coeur) du Sud-Ouest.<\/p>\n<p>On dit de moi que je suis passionn\u00e9e, imaginative, bavarde,\u00a0et ultra-sensible.<br \/>\nJ&rsquo;ai une phobie des araign\u00e9es,\u00a0je crie, pleure et supplie mon ch\u00e9ri de m&rsquo;en d\u00e9barrasser.<br \/>\nJe d\u00e9teste un ap\u00e9ro sans ros\u00e9 ni ap\u00e9ricubes et adore les plateaux t\u00e9l\u00e9s avec mon homme.<br \/>\nJe pleure d&rsquo;ailleurs devant n&rsquo;importe quel film&#8230; ce qui le fait beaucoup sourire.<\/p>\n<p>Je suis passionn\u00e9e de tatouages&#8230; j&rsquo;en ai d&rsquo;ailleurs de nombreux et un tas dans la t\u00eate \u00e0 venir.<\/p>\n<p>J&rsquo;ai renouvel\u00e9 mes voeux avec mon ch\u00e9ri en 2015 pour nos 10 ans de mariage, c&rsquo;\u00e9tait magique et nous pensons d\u00e9j\u00e0 au 20 ans !<\/p>\n<p>Il ne vaut mieux pas me parler au saut du lit &#8230; mais apr\u00e8s une bonne douche, cela va beaucoup mieux. ^^<br \/>\nT\u00e9l\u00e9phoner \u00e0 un inconnu me terrifie.<\/p>\n<p>Maintenant que vous en savez plus sur ma vie, n&rsquo;h\u00e9sitez pas \u00e0 me parler de vous! Contactez-moi par mail <a href=\"mailto:contact.sohelo@gmail.com\" target=\"_blank\" rel=\"noopener\">contact.sohelo@gmail.com<\/a> ou via <a href=\"https:\/\/www.facebook.com\/bijouxmariage\" target=\"_blank\" rel=\"noopener\">Facebook<\/a>, <a href=\"instagram.com\/sohelo_bijouxmariage\" target=\"_blank\" rel=\"noopener\">instagram<\/a> ou ma <a href=\"http:\/\/www.so-helo.com\" target=\"_blank\" rel=\"noopener\">boutique<\/a> &#8230;<\/p>\n","protected":false},"excerpt":{"rendered":"<p>(Cr\u00e9dit photo: Vivien Malagnat) Parceque quelques\u00a0mots valent plus que de grandes phrases, voici un peu de moi : Je m&rsquo;appelle H\u00e9lo\u00efse, je suis cr\u00e9atrice de bijoux et accessoires pour le mariage sous la marque So H\u00e9lo . Je suis Maman d&rsquo;un grand Lohan (2004) , d&rsquo;une p\u00e9tillante Louna (2008) et d&rsquo;un petit chouchou Elie (n\u00e9&hellip;<\/p>\n","protected":false},"author":1,"featured_media":0,"parent":0,"menu_order":0,"comment_status":"closed","ping_status":"closed","template":"","meta":{"footnotes":""},"_links":{"self":[{"href":"https:\/\/www.so-helo.com\/mariage\/blog\/wp-json\/wp\/v2\/pages\/117"}],"collection":[{"href":"https:\/\/www.so-helo.com\/mariage\/blog\/wp-json\/wp\/v2\/pages"}],"about":[{"href":"https:\/\/www.so-helo.com\/mariage\/blog\/wp-json\/wp\/v2\/types\/page"}],"author":[{"embeddable":true,"href":"https:\/\/www.so-helo.com\/mariage\/blog\/wp-json\/wp\/v2\/users\/1"}],"replies":[{"embeddable":true,"href":"https:\/\/www.so-helo.com\/mariage\/blog\/wp-json\/wp\/v2\/comments?post=117"}],"version-history":[{"count":19,"href":"https:\/\/www.so-helo.com\/mariage\/blog\/wp-json\/wp\/v2\/pages\/117\/revisions"}],"predecessor-version":[{"id":5578,"href":"https:\/\/www.so-helo.com\/mariage\/blog\/wp-json\/wp\/v2\/pages\/117\/revisions\/5578"}],"wp:attachment":[{"href":"https:\/\/www.so-helo.com\/mariage\/blog\/wp-json\/wp\/v2\/media?parent=117"}],"curies":[{"name":"wp","href":"https:\/\/api.w.org\/{rel}","templated":true}]}}

<p style="text-align: center;"><a href="https://www.so-helo.com/mariage/blog/wp-content/uploads/2010/11/portraits.png"><img loading="lazy" decoding="async" class="alignnone size-full wp-image-5303" src="https://www.so-helo.com/mariage/blog/wp-content/uploads/2010/11/portraits.png" alt="portraits heloise villenave gabaud so helo" width="1949" height="1000" srcset="https://www.so-helo.com/mariage/blog/wp-content/uploads/2010/11/portraits.png 1949w, https://www.so-helo.com/mariage/blog/wp-content/uploads/2010/11/portraits-300x153.png 300w, https://www.so-helo.com/mariage/blog/wp-content/uploads/2010/11/portraits-1024x525.png 1024w, https://www.so-helo.com/mariage/blog/wp-content/uploads/2010/11/portraits-250x128.png 250w, https://www.so-helo.com/mariage/blog/wp-content/uploads/2010/11/portraits-550x282.png 550w, https://www.so-helo.com/mariage/blog/wp-content/uploads/2010/11/portraits-800x410.png 800w, https://www.so-helo.com/mariage/blog/wp-content/uploads/2010/11/portraits-350x180.png 350w, https://www.so-helo.com/mariage/blog/wp-content/uploads/2010/11/portraits-584x300.png 584w, https://www.so-helo.com/mariage/blog/wp-content/uploads/2010/11/portraits-974x500.png 974w" sizes="(max-width: 1949px) 100vw, 1949px" /></a></p>
<address style="text-align: center;">(Crédit photo: Vivien Malagnat)</address>
<p>Parceque quelques mots valent plus que de grandes phrases, voici un peu de moi :</p>
<p>Je m&rsquo;appelle Héloïse, je suis créatrice de bijoux et accessoires pour le mariage sous la marque <a href="http://www.so-helo.com" target="_blank" rel="noopener">So Hélo</a> .<br />
Je suis Maman d&rsquo;un grand Lohan (2004) , d&rsquo;une pétillante Louna (2008) et d&rsquo;un petit chouchou Elie (né le même jour que moi en 2018 ).<br />
Je vis actuellement dans le limousin à Châteauponsac où j y ai mon nid douillet et mon atelier -boutique. J&rsquo;ai vécu 5 belles années sur Paris et 4 ans magiques aux Pays-Bas&#8230; toutefois, je me considère native (de coeur) du Sud-Ouest.</p>
<p>On dit de moi que je suis passionnée, imaginative, bavarde, et ultra-sensible.<br />
J&rsquo;ai une phobie des araignées, je crie, pleure et supplie mon chéri de m&rsquo;en débarrasser.<br />
Je déteste un apéro sans rosé ni apéricubes et adore les plateaux télés avec mon homme.<br />
Je pleure d&rsquo;ailleurs devant n&rsquo;importe quel film&#8230; ce qui le fait beaucoup sourire.</p>
<p>Je suis passionnée de tatouages&#8230; j&rsquo;en ai d&rsquo;ailleurs de nombreux et un tas dans la tête à venir.</p>
<p>J&rsquo;ai renouvelé mes voeux avec mon chéri en 2015 pour nos 10 ans de mariage, c&rsquo;était magique et nous pensons déjà au 20 ans !</p>
<p>Il ne vaut mieux pas me parler au saut du lit &#8230; mais après une bonne douche, cela va beaucoup mieux. ^^<br />
Téléphoner à un inconnu me terrifie.</p>
<p>Maintenant que vous en savez plus sur ma vie, n&rsquo;hésitez pas à me parler de vous! Contactez-moi par mail <a href="mailto:contact.sohelo@gmail.com" target="_blank" rel="noopener">contact.sohelo@gmail.com</a> ou via <a href="https://www.facebook.com/bijouxmariage" target="_blank" rel="noopener">Facebook</a>, <a href="instagram.com/sohelo_bijouxmariage" target="_blank" rel="noopener">instagram</a> ou ma <a href="http://www.so-helo.com" target="_blank" rel="noopener">boutique</a> &#8230;</p>

<p>(Crédit photo: Vivien Malagnat) Parceque quelques mots valent plus que de grandes phrases, voici un peu de moi : Je m&rsquo;appelle Héloïse, je suis créatrice de bijoux et accessoires pour le mariage sous la marque So Hélo . Je suis Maman d&rsquo;un grand Lohan (2004) , d&rsquo;une pétillante Louna (2008) et d&rsquo;un petit chouchou Elie (né&hellip;</p>
